{"id":7,"date":"2020-06-07T12:42:07","date_gmt":"2020-06-07T12:42:07","guid":{"rendered":"https:\/\/auripro.ee\/?page_id=7"},"modified":"2024-12-02T11:32:48","modified_gmt":"2024-12-02T09:32:48","slug":"auripro-salongide-kontakt-tartu-polva-tallinn","status":"publish","type":"page","link":"https:\/\/auripro.ee\/?page_id=7","title":{"rendered":"Kontakt"},"content":{"rendered":"\r\n<div class=\"wp-block-columns is-layout-flex wp-container-core-columns-is-layout-9d6595d7 wp-block-columns-is-layout-flex\">\r\n<div class=\"wp-block-column is-layout-flow wp-block-column-is-layout-flow\" style=\"flex-basis: 33%;\">\r\n<p>S\u00f5pruse pst 2, Tartu<\/p>\r\n\r\n\r\n\r\n<p>Esimene korrus tuba 6<\/p>\r\n<p><strong>NB!<\/strong> Parkimine toimub vastavalt piirkonnale.<\/p>\r\n<\/div>\r\n\r\n\r\n\r\n<div class=\"wp-block-column is-layout-flow wp-block-column-is-layout-flow\">\r\n<div style=\"width: 100%;\"><iframe loading=\"lazy\" src=\"https:\/\/maps.google.com\/maps?width=100%&amp;height=600&amp;hl=en&amp;coord=58.3800065, 26.7541576&amp;q=S%C3%B5pruse%20pst%202+(Auripro)&amp;ie=UTF8&amp;t=&amp;z=14&amp;iwloc=B&amp;output=embed\" width=\"100%\" height=\"300\" frameborder=\"0\" marginwidth=\"0\" marginheight=\"0\" scrolling=\"no\"><a href=\"https:\/\/www.maps.ie\/draw-radius-circle-map\/\">Create radius map<\/a><\/iframe><\/div>\r\n\r\n\r\n\r\n<p>&nbsp;<\/p>\r\n<\/div>\r\n<\/div>\r\n\r\n\r\n\r\n<div class=\"wp-block-columns is-layout-flex wp-container-core-columns-is-layout-9d6595d7 wp-block-columns-is-layout-flex\">\r\n<div class=\"wp-block-column is-layout-flow wp-block-column-is-layout-flow\" style=\"flex-basis: 33%;\">\r\n<p>Lao 5, P\u00f5lva<\/p>\r\n\r\n\r\n\r\n<p>Esimene korrus tuba 103<\/p>\r\n<p><strong>NB!<\/strong> Parkimine toimub vastavalt piirkonnale.<\/p>\r\n<\/div>\r\n\r\n\r\n\r\n<div class=\"wp-block-column is-layout-flow wp-block-column-is-layout-flow\">\r\n<div style=\"width: 100%;\"><iframe loading=\"lazy\" src=\"https:\/\/maps.google.com\/maps?width=100%25&amp;height=300&amp;hl=en&amp;q=lao%205%20p%C3%B5lva+(Auripro)&amp;t=&amp;z=15&amp;ie=UTF8&amp;iwloc=B&amp;output=embed\" width=\"100%\" height=\"300\" frameborder=\"0\" marginwidth=\"0\" marginheight=\"0\" scrolling=\"no\"><\/iframe><\/div>\r\n<br \/>\r\n\r\n\r\n<p>&nbsp;<\/p>\r\n<\/div>\r\n<\/div>\r\n\r\n\r\n\r\n<div class=\"wp-block-columns is-layout-flex wp-container-core-columns-is-layout-9d6595d7 wp-block-columns-is-layout-flex\">\r\n<div class=\"wp-block-column is-layout-flow wp-block-column-is-layout-flow\" style=\"flex-basis: 33%;\">\r\n<p>Tiina Tervisetuba<\/p>\r\n\r\n\r\n\r\n<p>J. Kunderi 35a, Tallinn<\/p>\r\n<p><strong>NB! <\/strong>Parkimine toimub vastavalt piirkonnale.<\/p>\r\n<\/div>\r\n\r\n\r\n\r\n<div class=\"wp-block-column is-layout-flow wp-block-column-is-layout-flow\">\r\n<div style=\"width: 100%;\"><iframe loading=\"lazy\" src=\"https:\/\/maps.google.com\/maps?width=100%&amp;height=300&amp;hl=en&amp;coord=59.43100317960548, 24.77647125720978&amp;q=J.%20Kunderi%2035a%2C%20Tallinn+(Auripro)&amp;ie=UTF8&amp;t=&amp;z=16&amp;iwloc=B&amp;output=embed\" width=\"100%\" height=\"300\" frameborder=\"0\" marginwidth=\"0\" marginheight=\"0\" scrolling=\"no\"><a href=\"https:\/\/www.maps.ie\/draw-radius-circle-map\/\">km radius map<\/a><\/iframe><\/div>\r\n<br \/><\/div>\r\n<\/div>\r\n","protected":false},"excerpt":{"rendered":"<p>S\u00f5pruse pst 2, Tartu Esimene korrus tuba 6 NB! Parkimine toimub vastavalt piirkonnale. Create radius map &nbsp; Lao 5, P\u00f5lva Esimene korrus tuba 103 NB! Parkimine toimub vastavalt piirkonnale. &nbsp; Tiina Tervisetuba J. Kunderi 35a, Tallinn NB! Parkimine toimub vastavalt piirkonnale. km radius map<\/p>\n","protected":false},"author":1,"featured_media":0,"parent":0,"menu_order":0,"comment_status":"closed","ping_status":"closed","template":"","meta":{"pagelayer_contact_templates":[],"_pagelayer_content":"","footnotes":""},"class_list":["post-7","page","type-page","status-publish","hentry"],"yoast_head":"<!-- This site is optimized with the Yoast SEO plugin v27.5 - https:\/\/yoast.com\/product\/yoast-seo-wordpress\/ -->\n<title>Kontakt - Auripro<\/title>\n<meta name=\"description\" content=\"K\u00fclastage Auripro salonge Tartu, P\u00f5lva v\u00f5i Tallinnas. Kontaktige meid vastavalt piirkonna aadressidele. Parkimine piirkonniti.\" \/>\n<meta name=\"robots\" content=\"index, follow, max-snippet:-1, max-image-preview:large, max-video-preview:-1\" \/>\n<link rel=\"canonical\" href=\"https:\/\/auripro.ee\/?page_id=7\" \/>\n<meta property=\"og:locale\" content=\"et_EE\" \/>\n<meta property=\"og:type\" content=\"article\" \/>\n<meta property=\"og:title\" content=\"Kontakt - Auripro\" \/>\n<meta property=\"og:description\" content=\"K\u00fclastage Auripro salonge Tartu, P\u00f5lva v\u00f5i Tallinnas. Kontaktige meid vastavalt piirkonna aadressidele. Parkimine piirkonniti.\" \/>\n<meta property=\"og:url\" content=\"https:\/\/auripro.ee\/?page_id=7\" \/>\n<meta property=\"og:site_name\" content=\"Auripro\" \/>\n<meta property=\"article:publisher\" content=\"https:\/\/www.facebook.com\/Auripro-O-332545203786163\" \/>\n<meta property=\"article:modified_time\" content=\"2024-12-02T09:32:48+00:00\" \/>\n<meta name=\"twitter:card\" content=\"summary_large_image\" \/>\n<meta name=\"twitter:label1\" content=\"Est. reading time\" \/>\n\t<meta name=\"twitter:data1\" content=\"1 minut\" \/>\n<script type=\"application\/ld+json\" class=\"yoast-schema-graph\">{\"@context\":\"https:\\\/\\\/schema.org\",\"@graph\":[{\"@type\":\"WebPage\",\"@id\":\"https:\\\/\\\/auripro.ee\\\/?page_id=7\",\"url\":\"https:\\\/\\\/auripro.ee\\\/?page_id=7\",\"name\":\"Kontakt - Auripro\",\"isPartOf\":{\"@id\":\"https:\\\/\\\/auripro.ee\\\/#website\"},\"datePublished\":\"2020-06-07T12:42:07+00:00\",\"dateModified\":\"2024-12-02T09:32:48+00:00\",\"description\":\"K\u00fclastage Auripro salonge Tartu, P\u00f5lva v\u00f5i Tallinnas. Kontaktige meid vastavalt piirkonna aadressidele. Parkimine piirkonniti.\",\"breadcrumb\":{\"@id\":\"https:\\\/\\\/auripro.ee\\\/?page_id=7#breadcrumb\"},\"inLanguage\":\"et\",\"potentialAction\":[{\"@type\":\"ReadAction\",\"target\":[\"https:\\\/\\\/auripro.ee\\\/?page_id=7\"]}]},{\"@type\":\"BreadcrumbList\",\"@id\":\"https:\\\/\\\/auripro.ee\\\/?page_id=7#breadcrumb\",\"itemListElement\":[{\"@type\":\"ListItem\",\"position\":1,\"name\":\"Home\",\"item\":\"https:\\\/\\\/auripro.ee\\\/\"},{\"@type\":\"ListItem\",\"position\":2,\"name\":\"Kontakt\"}]},{\"@type\":\"WebSite\",\"@id\":\"https:\\\/\\\/auripro.ee\\\/#website\",\"url\":\"https:\\\/\\\/auripro.ee\\\/\",\"name\":\"Auripro\",\"description\":\"Broneeringud\",\"publisher\":{\"@id\":\"https:\\\/\\\/auripro.ee\\\/#organization\"},\"potentialAction\":[{\"@type\":\"SearchAction\",\"target\":{\"@type\":\"EntryPoint\",\"urlTemplate\":\"https:\\\/\\\/auripro.ee\\\/?s={search_term_string}\"},\"query-input\":{\"@type\":\"PropertyValueSpecification\",\"valueRequired\":true,\"valueName\":\"search_term_string\"}}],\"inLanguage\":\"et\"},{\"@type\":\"Organization\",\"@id\":\"https:\\\/\\\/auripro.ee\\\/#organization\",\"name\":\"Auripro\",\"url\":\"https:\\\/\\\/auripro.ee\\\/\",\"logo\":{\"@type\":\"ImageObject\",\"inLanguage\":\"et\",\"@id\":\"https:\\\/\\\/auripro.ee\\\/#\\\/schema\\\/logo\\\/image\\\/\",\"url\":\"https:\\\/\\\/auripro.ee\\\/wp-content\\\/uploads\\\/2020\\\/06\\\/cropped-Auripro-logo-vaiksem.jpg\",\"contentUrl\":\"https:\\\/\\\/auripro.ee\\\/wp-content\\\/uploads\\\/2020\\\/06\\\/cropped-Auripro-logo-vaiksem.jpg\",\"width\":1668,\"height\":1158,\"caption\":\"Auripro\"},\"image\":{\"@id\":\"https:\\\/\\\/auripro.ee\\\/#\\\/schema\\\/logo\\\/image\\\/\"},\"sameAs\":[\"https:\\\/\\\/www.facebook.com\\\/Auripro-O-332545203786163\"]}]}<\/script>\n<!-- \/ Yoast SEO plugin. -->","yoast_head_json":{"title":"Kontakt - Auripro","description":"K\u00fclastage Auripro salonge Tartu, P\u00f5lva v\u00f5i Tallinnas. Kontaktige meid vastavalt piirkonna aadressidele. Parkimine piirkonniti.","robots":{"index":"index","follow":"follow","max-snippet":"max-snippet:-1","max-image-preview":"max-image-preview:large","max-video-preview":"max-video-preview:-1"},"canonical":"https:\/\/auripro.ee\/?page_id=7","og_locale":"et_EE","og_type":"article","og_title":"Kontakt - Auripro","og_description":"K\u00fclastage Auripro salonge Tartu, P\u00f5lva v\u00f5i Tallinnas. Kontaktige meid vastavalt piirkonna aadressidele. Parkimine piirkonniti.","og_url":"https:\/\/auripro.ee\/?page_id=7","og_site_name":"Auripro","article_publisher":"https:\/\/www.facebook.com\/Auripro-O-332545203786163","article_modified_time":"2024-12-02T09:32:48+00:00","twitter_card":"summary_large_image","twitter_misc":{"Est. reading time":"1 minut"},"schema":{"@context":"https:\/\/schema.org","@graph":[{"@type":"WebPage","@id":"https:\/\/auripro.ee\/?page_id=7","url":"https:\/\/auripro.ee\/?page_id=7","name":"Kontakt - Auripro","isPartOf":{"@id":"https:\/\/auripro.ee\/#website"},"datePublished":"2020-06-07T12:42:07+00:00","dateModified":"2024-12-02T09:32:48+00:00","description":"K\u00fclastage Auripro salonge Tartu, P\u00f5lva v\u00f5i Tallinnas. Kontaktige meid vastavalt piirkonna aadressidele. Parkimine piirkonniti.","breadcrumb":{"@id":"https:\/\/auripro.ee\/?page_id=7#breadcrumb"},"inLanguage":"et","potentialAction":[{"@type":"ReadAction","target":["https:\/\/auripro.ee\/?page_id=7"]}]},{"@type":"BreadcrumbList","@id":"https:\/\/auripro.ee\/?page_id=7#breadcrumb","itemListElement":[{"@type":"ListItem","position":1,"name":"Home","item":"https:\/\/auripro.ee\/"},{"@type":"ListItem","position":2,"name":"Kontakt"}]},{"@type":"WebSite","@id":"https:\/\/auripro.ee\/#website","url":"https:\/\/auripro.ee\/","name":"Auripro","description":"Broneeringud","publisher":{"@id":"https:\/\/auripro.ee\/#organization"},"potentialAction":[{"@type":"SearchAction","target":{"@type":"EntryPoint","urlTemplate":"https:\/\/auripro.ee\/?s={search_term_string}"},"query-input":{"@type":"PropertyValueSpecification","valueRequired":true,"valueName":"search_term_string"}}],"inLanguage":"et"},{"@type":"Organization","@id":"https:\/\/auripro.ee\/#organization","name":"Auripro","url":"https:\/\/auripro.ee\/","logo":{"@type":"ImageObject","inLanguage":"et","@id":"https:\/\/auripro.ee\/#\/schema\/logo\/image\/","url":"https:\/\/auripro.ee\/wp-content\/uploads\/2020\/06\/cropped-Auripro-logo-vaiksem.jpg","contentUrl":"https:\/\/auripro.ee\/wp-content\/uploads\/2020\/06\/cropped-Auripro-logo-vaiksem.jpg","width":1668,"height":1158,"caption":"Auripro"},"image":{"@id":"https:\/\/auripro.ee\/#\/schema\/logo\/image\/"},"sameAs":["https:\/\/www.facebook.com\/Auripro-O-332545203786163"]}]}},"amp_enabled":true,"_links":{"self":[{"href":"https:\/\/auripro.ee\/index.php?rest_route=\/wp\/v2\/pages\/7","targetHints":{"allow":["GET"]}}],"collection":[{"href":"https:\/\/auripro.ee\/index.php?rest_route=\/wp\/v2\/pages"}],"about":[{"href":"https:\/\/auripro.ee\/index.php?rest_route=\/wp\/v2\/types\/page"}],"author":[{"embeddable":true,"href":"https:\/\/auripro.ee\/index.php?rest_route=\/wp\/v2\/users\/1"}],"replies":[{"embeddable":true,"href":"https:\/\/auripro.ee\/index.php?rest_route=%2Fwp%2Fv2%2Fcomments&post=7"}],"version-history":[{"count":16,"href":"https:\/\/auripro.ee\/index.php?rest_route=\/wp\/v2\/pages\/7\/revisions"}],"predecessor-version":[{"id":387,"href":"https:\/\/auripro.ee\/index.php?rest_route=\/wp\/v2\/pages\/7\/revisions\/387"}],"wp:attachment":[{"href":"https:\/\/auripro.ee\/index.php?rest_route=%2Fwp%2Fv2%2Fmedia&parent=7"}],"curies":[{"name":"wp","href":"https:\/\/api.w.org\/{rel}","templated":true}]}}

<div class="wp-block-columns is-layout-flex wp-container-core-columns-is-layout-9d6595d7 wp-block-columns-is-layout-flex">
<div class="wp-block-column is-layout-flow wp-block-column-is-layout-flow" style="flex-basis: 33%;">
<p>Sõpruse pst 2, Tartu</p>



<p>Esimene korrus tuba 6</p>
<p><strong>NB!</strong> Parkimine toimub vastavalt piirkonnale.</p>
</div>



<div class="wp-block-column is-layout-flow wp-block-column-is-layout-flow">
<div style="width: 100%;"><iframe loading="lazy" src="https://maps.google.com/maps?width=100%&amp;height=600&amp;hl=en&amp;coord=58.3800065, 26.7541576&amp;q=S%C3%B5pruse%20pst%202+(Auripro)&amp;ie=UTF8&amp;t=&amp;z=14&amp;iwloc=B&amp;output=embed" width="100%" height="300" frameborder="0" marginwidth="0" marginheight="0" scrolling="no"><a href="https://www.maps.ie/draw-radius-circle-map/">Create radius map</a></iframe></div>



<p>&nbsp;</p>
</div>
</div>



<div class="wp-block-columns is-layout-flex wp-container-core-columns-is-layout-9d6595d7 wp-block-columns-is-layout-flex">
<div class="wp-block-column is-layout-flow wp-block-column-is-layout-flow" style="flex-basis: 33%;">
<p>Lao 5, Põlva</p>



<p>Esimene korrus tuba 103</p>
<p><strong>NB!</strong> Parkimine toimub vastavalt piirkonnale.</p>
</div>



<div class="wp-block-column is-layout-flow wp-block-column-is-layout-flow">
<div style="width: 100%;"><iframe loading="lazy" src="https://maps.google.com/maps?width=100%25&amp;height=300&amp;hl=en&amp;q=lao%205%20p%C3%B5lva+(Auripro)&amp;t=&amp;z=15&amp;ie=UTF8&amp;iwloc=B&amp;output=embed" width="100%" height="300" frameborder="0" marginwidth="0" marginheight="0" scrolling="no"></iframe></div>
<br />


<p>&nbsp;</p>
</div>
</div>



<div class="wp-block-columns is-layout-flex wp-container-core-columns-is-layout-9d6595d7 wp-block-columns-is-layout-flex">
<div class="wp-block-column is-layout-flow wp-block-column-is-layout-flow" style="flex-basis: 33%;">
<p>Tiina Tervisetuba</p>



<p>J. Kunderi 35a, Tallinn</p>
<p><strong>NB! </strong>Parkimine toimub vastavalt piirkonnale.</p>
</div>



<div class="wp-block-column is-layout-flow wp-block-column-is-layout-flow">
<div style="width: 100%;"><iframe loading="lazy" src="https://maps.google.com/maps?width=100%&amp;height=300&amp;hl=en&amp;coord=59.43100317960548, 24.77647125720978&amp;q=J.%20Kunderi%2035a%2C%20Tallinn+(Auripro)&amp;ie=UTF8&amp;t=&amp;z=16&amp;iwloc=B&amp;output=embed" width="100%" height="300" frameborder="0" marginwidth="0" marginheight="0" scrolling="no"><a href="https://www.maps.ie/draw-radius-circle-map/">km radius map</a></iframe></div>
<br /></div>
</div>

<p>Sõpruse pst 2, Tartu Esimene korrus tuba 6 NB! Parkimine toimub vastavalt piirkonnale. Create radius map &nbsp; Lao 5, Põlva Esimene korrus tuba 103 NB! Parkimine toimub vastavalt piirkonnale. &nbsp; Tiina Tervisetuba J. Kunderi 35a, Tallinn NB! Parkimine toimub vastavalt piirkonnale. km radius map</p>

<!-- This site is optimized with the Yoast SEO plugin v27.5 - https://yoast.com/product/yoast-seo-wordpress/ -->
<title>Kontakt - Auripro</title>
<meta name="description" content="Külastage Auripro salonge Tartu, Põlva või Tallinnas. Kontaktige meid vastavalt piirkonna aadressidele. Parkimine piirkonniti." />
<meta name="robots" content="index, follow, max-snippet:-1, max-image-preview:large, max-video-preview:-1" />
<link rel="canonical" href="https://auripro.ee/?page_id=7" />
<meta property="og:locale" content="et_EE" />
<meta property="og:type" content="article" />
<meta property="og:title" content="Kontakt - Auripro" />
<meta property="og:description" content="Külastage Auripro salonge Tartu, Põlva või Tallinnas. Kontaktige meid vastavalt piirkonna aadressidele. Parkimine piirkonniti." />
<meta property="og:url" content="https://auripro.ee/?page_id=7" />
<meta property="og:site_name" content="Auripro" />
<meta property="article:publisher" content="https://www.facebook.com/Auripro-O-332545203786163" />
<meta property="article:modified_time" content="2024-12-02T09:32:48+00:00" />
<meta name="twitter:card" content="summary_large_image" />
<meta name="twitter:label1" content="Est. reading time" />
	<meta name="twitter:data1" content="1 minut" />
<script type="application/ld+json" class="yoast-schema-graph">{"@context":"https:\/\/schema.org","@graph":[{"@type":"WebPage","@id":"https:\/\/auripro.ee\/?page_id=7","url":"https:\/\/auripro.ee\/?page_id=7","name":"Kontakt - Auripro","isPartOf":{"@id":"https:\/\/auripro.ee\/#website"},"datePublished":"2020-06-07T12:42:07+00:00","dateModified":"2024-12-02T09:32:48+00:00","description":"Külastage Auripro salonge Tartu, Põlva või Tallinnas. Kontaktige meid vastavalt piirkonna aadressidele. Parkimine piirkonniti.","breadcrumb":{"@id":"https:\/\/auripro.ee\/?page_id=7#breadcrumb"},"inLanguage":"et","potentialAction":[{"@type":"ReadAction","target":["https:\/\/auripro.ee\/?page_id=7"]}]},{"@type":"BreadcrumbList","@id":"https:\/\/auripro.ee\/?page_id=7#breadcrumb","itemListElement":[{"@type":"ListItem","position":1,"name":"Home","item":"https:\/\/auripro.ee\/"},{"@type":"ListItem","position":2,"name":"Kontakt"}]},{"@type":"WebSite","@id":"https:\/\/auripro.ee\/#website","url":"https:\/\/auripro.ee\/","name":"Auripro","description":"Broneeringud","publisher":{"@id":"https:\/\/auripro.ee\/#organization"},"potentialAction":[{"@type":"SearchAction","target":{"@type":"EntryPoint","urlTemplate":"https:\/\/auripro.ee\/?s={search_term_string}"},"query-input":{"@type":"PropertyValueSpecification","valueRequired":true,"valueName":"search_term_string"}}],"inLanguage":"et"},{"@type":"Organization","@id":"https:\/\/auripro.ee\/#organization","name":"Auripro","url":"https:\/\/auripro.ee\/","logo":{"@type":"ImageObject","inLanguage":"et","@id":"https:\/\/auripro.ee\/#\/schema\/logo\/image\/","url":"https:\/\/auripro.ee\/wp-content\/uploads\/2020\/06\/cropped-Auripro-logo-vaiksem.jpg","contentUrl":"https:\/\/auripro.ee\/wp-content\/uploads\/2020\/06\/cropped-Auripro-logo-vaiksem.jpg","width":1668,"height":1158,"caption":"Auripro"},"image":{"@id":"https:\/\/auripro.ee\/#\/schema\/logo\/image\/"},"sameAs":["https:\/\/www.facebook.com\/Auripro-O-332545203786163"]}]}</script>
<!-- / Yoast SEO plugin. -->

Külastage Auripro salonge Tartu, Põlva või Tallinnas. Kontaktige meid vastavalt piirkonna aadressidele. Parkimine piirkonniti.
