{"id":6,"date":"2020-06-07T12:42:07","date_gmt":"2020-06-07T12:42:07","guid":{"rendered":"https:\/\/auripro.ee\/?page_id=6"},"modified":"2024-12-02T11:21:39","modified_gmt":"2024-12-02T09:21:39","slug":"info","status":"publish","type":"page","link":"https:\/\/auripro.ee\/?page_id=6","title":{"rendered":"Info"},"content":{"rendered":"\r\n<h3 class=\"wp-block-heading\">Auripro O\u00dc<\/h3>\r\n<p>Registrikood: 11737040<\/p>\r\n<p>E-post: auriproo@gmail.com<\/p>\r\n<p>Telefon: +372 53409328<\/p>\r\n<p>Sweedbank: EE592200221047538495<\/p>\r\n<h4>\u00a0<\/h4>\r\n<p>&nbsp;<\/p>\r\n\r\n\r\n\r\n<p><strong>MASSAA\u017d \u00a0TARTUS<\/strong><\/p>\r\n\r\n\r\n\r\n<p>Salong on avatud broneeritud aegadel, massaa\u017ei saab ka tellida n\u00e4dalavahetustel.<\/p>\r\n\r\n\r\n\r\n<p>&nbsp;<\/p>\r\n\r\n\r\n\r\n<p>&nbsp;<\/p>\r\n\r\n\r\n\r\n<ul class=\"wp-block-social-links is-layout-flex wp-block-social-links-is-layout-flex\">\r\n\r\n<li class=\"wp-social-link wp-social-link-facebook  wp-block-social-link\"><a href=\"https:\/\/www.facebook.com\/Auripro-O%C3%9C-332545203786163\" class=\"wp-block-social-link-anchor\"><svg width=\"24\" height=\"24\" viewBox=\"0 0 24 24\" version=\"1.1\" xmlns=\"http:\/\/www.w3.org\/2000\/svg\" aria-hidden=\"true\" focusable=\"false\"><path d=\"M12 2C6.5 2 2 6.5 2 12c0 5 3.7 9.1 8.4 9.9v-7H7.9V12h2.5V9.8c0-2.5 1.5-3.9 3.8-3.9 1.1 0 2.2.2 2.2.2v2.5h-1.3c-1.2 0-1.6.8-1.6 1.6V12h2.8l-.4 2.9h-2.3v7C18.3 21.1 22 17 22 12c0-5.5-4.5-10-10-10z\"><\/path><\/svg><span class=\"wp-block-social-link-label screen-reader-text\">Facebook<\/span><\/a><\/li>\r\n\r\n\r\n\r\n\r\n\r\n\r\n\r\n<\/ul>\r\n\r\n\r\n<hr class=\"wp-block-separator\" \/>","protected":false},"excerpt":{"rendered":"<p>Auripro O\u00dc Registrikood: 11737040 E-post: auriproo@gmail.com Telefon: +372 53409328 Sweedbank: EE592200221047538495 \u00a0 &nbsp; MASSAA\u017d \u00a0TARTUS Salong on avatud broneeritud aegadel, massaa\u017ei saab ka tellida n\u00e4dalavahetustel. &nbsp; &nbsp;<\/p>\n","protected":false},"author":1,"featured_media":0,"parent":0,"menu_order":0,"comment_status":"closed","ping_status":"closed","template":"","meta":{"pagelayer_contact_templates":[],"_pagelayer_content":"","footnotes":""},"class_list":["post-6","page","type-page","status-publish","hentry"],"yoast_head":"<!-- This site is optimized with the Yoast SEO plugin v27.5 - https:\/\/yoast.com\/product\/yoast-seo-wordpress\/ -->\n<title>Auripro massaa\u017eiteenused Tartut - Kontakt ja Info - Auripro<\/title>\n<meta name=\"description\" content=\"Kontaktige Auripro massaa\u017eisalongi Tartu. Broneeri massaa\u017e v\u00f5i teraapia broneeritud aegadel, ka n\u00e4dalavahetustel.\" \/>\n<meta name=\"robots\" content=\"index, follow, max-snippet:-1, max-image-preview:large, max-video-preview:-1\" \/>\n<link rel=\"canonical\" href=\"https:\/\/auripro.ee\/?page_id=6\" \/>\n<meta property=\"og:locale\" content=\"et_EE\" \/>\n<meta property=\"og:type\" content=\"article\" \/>\n<meta property=\"og:title\" content=\"Auripro massaa\u017eiteenused Tartut - Kontakt ja Info - Auripro\" \/>\n<meta property=\"og:description\" content=\"Kontaktige Auripro massaa\u017eisalongi Tartu. Broneeri massaa\u017e v\u00f5i teraapia broneeritud aegadel, ka n\u00e4dalavahetustel.\" \/>\n<meta property=\"og:url\" content=\"https:\/\/auripro.ee\/?page_id=6\" \/>\n<meta property=\"og:site_name\" content=\"Auripro\" \/>\n<meta property=\"article:publisher\" content=\"https:\/\/www.facebook.com\/Auripro-O-332545203786163\" \/>\n<meta property=\"article:modified_time\" content=\"2024-12-02T09:21:39+00:00\" \/>\n<meta name=\"twitter:card\" content=\"summary_large_image\" \/>\n<meta name=\"twitter:label1\" content=\"Est. reading time\" \/>\n\t<meta name=\"twitter:data1\" content=\"1 minut\" \/>\n<script type=\"application\/ld+json\" class=\"yoast-schema-graph\">{\"@context\":\"https:\\\/\\\/schema.org\",\"@graph\":[{\"@type\":\"WebPage\",\"@id\":\"https:\\\/\\\/auripro.ee\\\/?page_id=6\",\"url\":\"https:\\\/\\\/auripro.ee\\\/?page_id=6\",\"name\":\"Auripro massaa\u017eiteenused Tartut - Kontakt ja Info - Auripro\",\"isPartOf\":{\"@id\":\"https:\\\/\\\/auripro.ee\\\/#website\"},\"datePublished\":\"2020-06-07T12:42:07+00:00\",\"dateModified\":\"2024-12-02T09:21:39+00:00\",\"description\":\"Kontaktige Auripro massaa\u017eisalongi Tartu. Broneeri massaa\u017e v\u00f5i teraapia broneeritud aegadel, ka n\u00e4dalavahetustel.\",\"breadcrumb\":{\"@id\":\"https:\\\/\\\/auripro.ee\\\/?page_id=6#breadcrumb\"},\"inLanguage\":\"et\",\"potentialAction\":[{\"@type\":\"ReadAction\",\"target\":[\"https:\\\/\\\/auripro.ee\\\/?page_id=6\"]}]},{\"@type\":\"BreadcrumbList\",\"@id\":\"https:\\\/\\\/auripro.ee\\\/?page_id=6#breadcrumb\",\"itemListElement\":[{\"@type\":\"ListItem\",\"position\":1,\"name\":\"Home\",\"item\":\"https:\\\/\\\/auripro.ee\\\/\"},{\"@type\":\"ListItem\",\"position\":2,\"name\":\"Info\"}]},{\"@type\":\"WebSite\",\"@id\":\"https:\\\/\\\/auripro.ee\\\/#website\",\"url\":\"https:\\\/\\\/auripro.ee\\\/\",\"name\":\"Auripro\",\"description\":\"Broneeringud\",\"publisher\":{\"@id\":\"https:\\\/\\\/auripro.ee\\\/#organization\"},\"potentialAction\":[{\"@type\":\"SearchAction\",\"target\":{\"@type\":\"EntryPoint\",\"urlTemplate\":\"https:\\\/\\\/auripro.ee\\\/?s={search_term_string}\"},\"query-input\":{\"@type\":\"PropertyValueSpecification\",\"valueRequired\":true,\"valueName\":\"search_term_string\"}}],\"inLanguage\":\"et\"},{\"@type\":\"Organization\",\"@id\":\"https:\\\/\\\/auripro.ee\\\/#organization\",\"name\":\"Auripro\",\"url\":\"https:\\\/\\\/auripro.ee\\\/\",\"logo\":{\"@type\":\"ImageObject\",\"inLanguage\":\"et\",\"@id\":\"https:\\\/\\\/auripro.ee\\\/#\\\/schema\\\/logo\\\/image\\\/\",\"url\":\"https:\\\/\\\/auripro.ee\\\/wp-content\\\/uploads\\\/2020\\\/06\\\/cropped-Auripro-logo-vaiksem.jpg\",\"contentUrl\":\"https:\\\/\\\/auripro.ee\\\/wp-content\\\/uploads\\\/2020\\\/06\\\/cropped-Auripro-logo-vaiksem.jpg\",\"width\":1668,\"height\":1158,\"caption\":\"Auripro\"},\"image\":{\"@id\":\"https:\\\/\\\/auripro.ee\\\/#\\\/schema\\\/logo\\\/image\\\/\"},\"sameAs\":[\"https:\\\/\\\/www.facebook.com\\\/Auripro-O-332545203786163\"]}]}<\/script>\n<!-- \/ Yoast SEO plugin. -->","yoast_head_json":{"title":"Auripro massaa\u017eiteenused Tartut - Kontakt ja Info - Auripro","description":"Kontaktige Auripro massaa\u017eisalongi Tartu. Broneeri massaa\u017e v\u00f5i teraapia broneeritud aegadel, ka n\u00e4dalavahetustel.","robots":{"index":"index","follow":"follow","max-snippet":"max-snippet:-1","max-image-preview":"max-image-preview:large","max-video-preview":"max-video-preview:-1"},"canonical":"https:\/\/auripro.ee\/?page_id=6","og_locale":"et_EE","og_type":"article","og_title":"Auripro massaa\u017eiteenused Tartut - Kontakt ja Info - Auripro","og_description":"Kontaktige Auripro massaa\u017eisalongi Tartu. Broneeri massaa\u017e v\u00f5i teraapia broneeritud aegadel, ka n\u00e4dalavahetustel.","og_url":"https:\/\/auripro.ee\/?page_id=6","og_site_name":"Auripro","article_publisher":"https:\/\/www.facebook.com\/Auripro-O-332545203786163","article_modified_time":"2024-12-02T09:21:39+00:00","twitter_card":"summary_large_image","twitter_misc":{"Est. reading time":"1 minut"},"schema":{"@context":"https:\/\/schema.org","@graph":[{"@type":"WebPage","@id":"https:\/\/auripro.ee\/?page_id=6","url":"https:\/\/auripro.ee\/?page_id=6","name":"Auripro massaa\u017eiteenused Tartut - Kontakt ja Info - Auripro","isPartOf":{"@id":"https:\/\/auripro.ee\/#website"},"datePublished":"2020-06-07T12:42:07+00:00","dateModified":"2024-12-02T09:21:39+00:00","description":"Kontaktige Auripro massaa\u017eisalongi Tartu. Broneeri massaa\u017e v\u00f5i teraapia broneeritud aegadel, ka n\u00e4dalavahetustel.","breadcrumb":{"@id":"https:\/\/auripro.ee\/?page_id=6#breadcrumb"},"inLanguage":"et","potentialAction":[{"@type":"ReadAction","target":["https:\/\/auripro.ee\/?page_id=6"]}]},{"@type":"BreadcrumbList","@id":"https:\/\/auripro.ee\/?page_id=6#breadcrumb","itemListElement":[{"@type":"ListItem","position":1,"name":"Home","item":"https:\/\/auripro.ee\/"},{"@type":"ListItem","position":2,"name":"Info"}]},{"@type":"WebSite","@id":"https:\/\/auripro.ee\/#website","url":"https:\/\/auripro.ee\/","name":"Auripro","description":"Broneeringud","publisher":{"@id":"https:\/\/auripro.ee\/#organization"},"potentialAction":[{"@type":"SearchAction","target":{"@type":"EntryPoint","urlTemplate":"https:\/\/auripro.ee\/?s={search_term_string}"},"query-input":{"@type":"PropertyValueSpecification","valueRequired":true,"valueName":"search_term_string"}}],"inLanguage":"et"},{"@type":"Organization","@id":"https:\/\/auripro.ee\/#organization","name":"Auripro","url":"https:\/\/auripro.ee\/","logo":{"@type":"ImageObject","inLanguage":"et","@id":"https:\/\/auripro.ee\/#\/schema\/logo\/image\/","url":"https:\/\/auripro.ee\/wp-content\/uploads\/2020\/06\/cropped-Auripro-logo-vaiksem.jpg","contentUrl":"https:\/\/auripro.ee\/wp-content\/uploads\/2020\/06\/cropped-Auripro-logo-vaiksem.jpg","width":1668,"height":1158,"caption":"Auripro"},"image":{"@id":"https:\/\/auripro.ee\/#\/schema\/logo\/image\/"},"sameAs":["https:\/\/www.facebook.com\/Auripro-O-332545203786163"]}]}},"amp_enabled":true,"_links":{"self":[{"href":"https:\/\/auripro.ee\/index.php?rest_route=\/wp\/v2\/pages\/6","targetHints":{"allow":["GET"]}}],"collection":[{"href":"https:\/\/auripro.ee\/index.php?rest_route=\/wp\/v2\/pages"}],"about":[{"href":"https:\/\/auripro.ee\/index.php?rest_route=\/wp\/v2\/types\/page"}],"author":[{"embeddable":true,"href":"https:\/\/auripro.ee\/index.php?rest_route=\/wp\/v2\/users\/1"}],"replies":[{"embeddable":true,"href":"https:\/\/auripro.ee\/index.php?rest_route=%2Fwp%2Fv2%2Fcomments&post=6"}],"version-history":[{"count":10,"href":"https:\/\/auripro.ee\/index.php?rest_route=\/wp\/v2\/pages\/6\/revisions"}],"predecessor-version":[{"id":131,"href":"https:\/\/auripro.ee\/index.php?rest_route=\/wp\/v2\/pages\/6\/revisions\/131"}],"wp:attachment":[{"href":"https:\/\/auripro.ee\/index.php?rest_route=%2Fwp%2Fv2%2Fmedia&parent=6"}],"curies":[{"name":"wp","href":"https:\/\/api.w.org\/{rel}","templated":true}]}}

<h3 class="wp-block-heading">Auripro OÜ</h3>
<p>Registrikood: 11737040</p>
<p>E-post: auriproo@gmail.com</p>
<p>Telefon: +372 53409328</p>
<p>Sweedbank: EE592200221047538495</p>
<h4> </h4>
<p>&nbsp;</p>



<p><strong>MASSAAŽ  TARTUS</strong></p>



<p>Salong on avatud broneeritud aegadel, massaaži saab ka tellida nädalavahetustel.</p>



<p>&nbsp;</p>



<p>&nbsp;</p>



<ul class="wp-block-social-links is-layout-flex wp-block-social-links-is-layout-flex">

<li class="wp-social-link wp-social-link-facebook  wp-block-social-link"><a href="https://www.facebook.com/Auripro-O%C3%9C-332545203786163" class="wp-block-social-link-anchor"><svg width="24" height="24" viewBox="0 0 24 24" version="1.1" xmlns="http://www.w3.org/2000/svg" aria-hidden="true" focusable="false"><path d="M12 2C6.5 2 2 6.5 2 12c0 5 3.7 9.1 8.4 9.9v-7H7.9V12h2.5V9.8c0-2.5 1.5-3.9 3.8-3.9 1.1 0 2.2.2 2.2.2v2.5h-1.3c-1.2 0-1.6.8-1.6 1.6V12h2.8l-.4 2.9h-2.3v7C18.3 21.1 22 17 22 12c0-5.5-4.5-10-10-10z"></path></svg><span class="wp-block-social-link-label screen-reader-text">Facebook</span></a></li>







</ul>


<hr class="wp-block-separator" />

<p>Auripro OÜ Registrikood: 11737040 E-post: auriproo@gmail.com Telefon: +372 53409328 Sweedbank: EE592200221047538495   &nbsp; MASSAAŽ  TARTUS Salong on avatud broneeritud aegadel, massaaži saab ka tellida nädalavahetustel. &nbsp; &nbsp;</p>

<!-- This site is optimized with the Yoast SEO plugin v27.5 - https://yoast.com/product/yoast-seo-wordpress/ -->
<title>Auripro massaažiteenused Tartut - Kontakt ja Info - Auripro</title>
<meta name="description" content="Kontaktige Auripro massaažisalongi Tartu. Broneeri massaaž või teraapia broneeritud aegadel, ka nädalavahetustel." />
<meta name="robots" content="index, follow, max-snippet:-1, max-image-preview:large, max-video-preview:-1" />
<link rel="canonical" href="https://auripro.ee/?page_id=6" />
<meta property="og:locale" content="et_EE" />
<meta property="og:type" content="article" />
<meta property="og:title" content="Auripro massaažiteenused Tartut - Kontakt ja Info - Auripro" />
<meta property="og:description" content="Kontaktige Auripro massaažisalongi Tartu. Broneeri massaaž või teraapia broneeritud aegadel, ka nädalavahetustel." />
<meta property="og:url" content="https://auripro.ee/?page_id=6" />
<meta property="og:site_name" content="Auripro" />
<meta property="article:publisher" content="https://www.facebook.com/Auripro-O-332545203786163" />
<meta property="article:modified_time" content="2024-12-02T09:21:39+00:00" />
<meta name="twitter:card" content="summary_large_image" />
<meta name="twitter:label1" content="Est. reading time" />
	<meta name="twitter:data1" content="1 minut" />
<script type="application/ld+json" class="yoast-schema-graph">{"@context":"https:\/\/schema.org","@graph":[{"@type":"WebPage","@id":"https:\/\/auripro.ee\/?page_id=6","url":"https:\/\/auripro.ee\/?page_id=6","name":"Auripro massaažiteenused Tartut - Kontakt ja Info - Auripro","isPartOf":{"@id":"https:\/\/auripro.ee\/#website"},"datePublished":"2020-06-07T12:42:07+00:00","dateModified":"2024-12-02T09:21:39+00:00","description":"Kontaktige Auripro massaažisalongi Tartu. Broneeri massaaž või teraapia broneeritud aegadel, ka nädalavahetustel.","breadcrumb":{"@id":"https:\/\/auripro.ee\/?page_id=6#breadcrumb"},"inLanguage":"et","potentialAction":[{"@type":"ReadAction","target":["https:\/\/auripro.ee\/?page_id=6"]}]},{"@type":"BreadcrumbList","@id":"https:\/\/auripro.ee\/?page_id=6#breadcrumb","itemListElement":[{"@type":"ListItem","position":1,"name":"Home","item":"https:\/\/auripro.ee\/"},{"@type":"ListItem","position":2,"name":"Info"}]},{"@type":"WebSite","@id":"https:\/\/auripro.ee\/#website","url":"https:\/\/auripro.ee\/","name":"Auripro","description":"Broneeringud","publisher":{"@id":"https:\/\/auripro.ee\/#organization"},"potentialAction":[{"@type":"SearchAction","target":{"@type":"EntryPoint","urlTemplate":"https:\/\/auripro.ee\/?s={search_term_string}"},"query-input":{"@type":"PropertyValueSpecification","valueRequired":true,"valueName":"search_term_string"}}],"inLanguage":"et"},{"@type":"Organization","@id":"https:\/\/auripro.ee\/#organization","name":"Auripro","url":"https:\/\/auripro.ee\/","logo":{"@type":"ImageObject","inLanguage":"et","@id":"https:\/\/auripro.ee\/#\/schema\/logo\/image\/","url":"https:\/\/auripro.ee\/wp-content\/uploads\/2020\/06\/cropped-Auripro-logo-vaiksem.jpg","contentUrl":"https:\/\/auripro.ee\/wp-content\/uploads\/2020\/06\/cropped-Auripro-logo-vaiksem.jpg","width":1668,"height":1158,"caption":"Auripro"},"image":{"@id":"https:\/\/auripro.ee\/#\/schema\/logo\/image\/"},"sameAs":["https:\/\/www.facebook.com\/Auripro-O-332545203786163"]}]}</script>
<!-- / Yoast SEO plugin. -->

Auripro massaažiteenused Tartut - Kontakt ja Info - Auripro

Kontaktige Auripro massaažisalongi Tartu. Broneeri massaaž või teraapia broneeritud aegadel, ka nädalavahetustel.
